342 + -12528. List the prime factors of n.
2, 3, 2969
Let n(w) = -w - 14. Let j be n(-16). Suppose -5*p - 14*y = -15*y - 2121, j*y - 8 = 0. What are the prime factors of p?
5, 17
Let b(d) = -1761*d + 389. What are the prime factors of b(-9)?
2, 23, 353
Let g(n) = n + 15. Let f be g(-6). Let k(v) = 63*v + 125. What are the prime factors of k(f)?
2, 173
Let c = 5498 + 26980. What are the prime factors of c?
2, 3, 5413
Let y = 4711 - 1913. Let x = y - 1957. List the prime factors of x.
29
Suppose 4*g + 4*u - 76 = 0, 27*u + 64 = 4*g + 25*u. Let w(z) = -2*z**2 + 68*z + 31. What are the prime factors of w(g)?
3, 7, 29
Let m = -2071 + 3905. Let i = -497 + m. List the prime factors of i.
7, 191
Let k = 16722 - 925. List the prime factors of k.
15797
Suppose 228*o - 15 = 225*o. Suppose 6055 = 5*t + 5*g, t - g = o*t - 4859. What are the prime factors of t?
2, 19
Let i(r) = -2*r**3 + 34*r**2 + r + 40. Let f be i(13). List the prime factors of (-6 - 0) + (f - 65).
2, 23, 29
Let g = -2745 + 1434. Let y = -796 - g. What are the prime factors of y?
5, 103
Let y = -8667 + 16961. What are the prime factors of y?
2, 11, 13, 29
Let l(d) = 314*d**2 - 20*d + 118. List the prime factors of l(4).
2, 2531
What are the prime factors of -8 - (-1)/(-7 - 498814/(-71259))?
43, 1657
Let o = 52 + -58. What are the prime factors of 4/o + 189600/144?
2, 7, 47
Let z be ((-4)/7)/(-2) - (-135)/(-7). Let x(b) = -b**3 - 18*b**2 + 7*b - 31. List the prime factors of x(z).
197
Let h be (-7 - 51/(-7)) + (-276)/(-14). Suppose 1577 = h*b - 12283. What are the prime factors of b?
3, 7, 11
Let k(b) = 17*b**2 - 2*b - 3. Let u(r) = -17*r**2 + 2*r + 3. Let c(m) = -3*k(m) - 4*u(m). Let x be c(-1). Let g(l) = l - 13. List the prime factors of g(x).
3
Let f be 2/(((-45)/20)/(-9)). Suppose f*p + c - 331 = 3*p, 4*p - 276 = 2*c. List the prime factors of p.
67
Suppose -43*i - 28*i + 950940 = -17*i. List the prime factors of i.
2, 3, 5, 587
Let u(w) = 67*w**2 - w. Let j = 80 + -79. Let p be (-1)/(-3 + j - (-8 - -5)). What are the prime factors of u(p)?
2, 17
Let l be (-28)/21*((2 - 69) + -2). Let x = l + -22. List the prime factors of x.
2, 5, 7
What are the prime factors of ((-2468)/(-10))/((-650)/(-19500))?
2, 3, 617
Suppose 21 = -4*z + 11*z. Suppose 0 = -z*k + 13 + 23. What are the prime factors of (4 + (-128)/k)/(1/(-9))?
2, 3, 5
Suppose 15008 = -0*p + 7*p. Suppose -2*h = 4*t - 852, -2*h + 4*t = 3*h - p. Suppose -4*j = -3*z - 153 + h, -4*j + 190 = 2*z. List the prime factors of z.
3, 31
Let a(k) = 2*k**3 + 3*k**2 + 4*k + 27. Let o be -4 + 2 + (60 - 52). What are the prime factors of a(o)?
3, 197
Let c(b) = -8*b - 10. Let n be c(-6). Suppose 40*w - 432 = n*w. Let y = -148 + w. List the prime factors of y.
2, 17
Suppose 3*s = -3*a + 657, 3*s + 0*s = 2*a + 682. Suppose -545 = -4*k - 3*u, -2*u = -k - 53 + 181. Let y = s - k. List the prime factors of y.
2, 3, 5
Let w be 9/3 - -1 - 6. Let t be (1/w*-1 + -1)*-16. Suppose 13*v - 30 = t*v. List the prime factors of v.
2, 3
Let x = 145 + -138. Let c(u) = -u**3 + 14*u**2 + 5*u + 16. What are the prime factors of c(x)?
2, 197
Suppose 0 = 4*s - 2*x - 226, 0*x = -2*x + 6. Suppose 0 = -5*y - 7*l + 5*l + 28, 3*y + 8 = 5*l. Suppose 2 = -y*f + s. List the prime factors of f.
2, 7
Let y(o) = o**3 + 21*o**2 + o + 13. Let h be y(-21). Let l be (-18)/h*2208/36. Suppose 0 = 3*m - 36 - l. What are the prime factors of m?
2, 29
Suppose 67*c - 18764052 = -238*c - 67*c. What are the prime factors of c?
50441
Let w(v) = v**3 - 22*v**2 + 20*v + 18. Let j = 54 - 33. Let f be w(j). List the prime factors of (10 + f)*54/7.
2, 3
What are the prime factors of 115025/35 + 18 - 4*1/(-7)?
5, 661
Let h(c) = -2*c**3 - 5*c**2 - 2*c - 1. Suppose -2*t - 3 = 2*z - 3*t, 0 = -4*z + 5*t + 3. Let y be h(z). Suppose 0 = 2*f - 136 - y. List the prime factors of f.
3, 5
What are the prime factors of (-22)/(-187) - (3 - 651519/51)?
2, 31, 103
Let z(u) = u**3 - 5*u**2 + 30*u + 386. What are the prime factors of z(29)?
2, 5, 67
Let b(g) = g**2 + g - 1. Let a be b(-3). Let z(q) = a*q - 4 + 4 - 3. What are the prime factors of z(9)?
2, 3, 7
Let l = 156298 + -92681. List the prime factors of l.
63617
Let w be 6/(-4) - 10362/(-12). Suppose -4*h - 3*n = -w, 4*h - 4*n + 3*n = 854. What are the prime factors of h?
2, 107
Suppose -3*l - n = -6*n - 130381, 2*l - 86928 = -4*n. List the prime factors of l.
2, 31, 701
Let l = -6755 - -7949. List the prime factors of l.
2, 3, 199
Let x(n) = 2 + 9 - 11*n + 16*n. What are the prime factors of x(5)?
2, 3
Let z = -97 - -99. Let h be (z*-6)/((-3)/(-9)*-2). Suppose 33 + h = 3*i. What are the prime factors of i?
17
Let y be (-57)/38 + 598/4. Suppose -2*x - 4*c + y + 306 = 0, 4*x = -4*c + 892. What are the prime factors of x?
3, 73
Let p(v) = 241*v**3 - 5*v**2 - 9*v + 21. What are the prime factors of p(3)?
2, 3, 269
Let v(z) = 62*z**2 + 170*z + 1778. What are the prime factors of v(-11)?
2, 3, 5, 13, 19
Let h(w) = -25*w + 983. What are the prime factors of h(-29)?
2, 7, 61
Let o(p) = 79*p - 169. Let f be o(27). Let c = f - 1255. List the prime factors of c.
709
Let q = 15057 - 3390. List the prime factors of q.
3, 3889
Suppose 27*h - 23*h - 4*f - 32 = 0, -16 = 4*f. List the prime factors of 2/h + 9910/20.
2, 31
Let d be (-10)/(6/(-9)*3). Suppose -24 = d*n - 284. Let g = -11 + n. List the prime factors of g.
41
Let p(u) = -47*u + 797. What are the prime factors of p(5)?
2, 281
Let h(x) = 5*x**2 + 468*x - 233. What are the prime factors of h(-106)?
3, 2113
Let k be -3*-3*(-201)/27. Let y = k - -19. Let f = 33 - y. What are the prime factors of f?
3
Suppose 5*i - 240180 = 5*c, -4*c - 1 + 21 = 0. List the prime factors of i.
7, 6863
Suppose -3*m = c + m - 1426, 5*c + 2*m - 7148 = 0. Let v = -783 + c. List the prime factors of v.
647
Let n = 18132 + -12902. List the prime factors of n.
2, 5, 523
Let n be -1*49 + (3 - 2). Let x be (-48008)/(-680) + 16/(-10). Let q = n + x. List the prime factors of q.
3, 7
Suppose 5*x + 125 + 15 = -4*m, 118 = -4*x - 2*m. Let p = 38 + x. Suppose -p*h + 8*h = 32. What are the prime factors of h?
2
Let a(k) = k**2 - 16*k - 52. Let t be a(19). Suppose -2*s + 6*s + 1316 = t*x, 3*x + s = 793. List the prime factors of x.
2, 3, 11
Let f(n) = 6*n + n**2 - 14 + 5*n - 9*n + 12*n**2 + 18*n. List the prime factors of f(8).
2, 3, 163
Let h(t) = -79*t + 4. Let a(z) = 3 - 37*z - 21*z - 20*z. Let r(w) = 3*a(w) - 2*h(w). List the prime factors of r(-1).
7, 11
Suppose -5*v - 10 = z, -4*z - v - 4*v = 10. Suppose -4*m + 472 = 4*q, 5*m + 3*q - 178 - 416 = z. List the prime factors of m.
2, 3, 5
Let x(k) be the second derivative of k**5/20 - k**4/12 - k**3/6 + 231*k**2 - 2*k. What are the prime factors of x(0)?
2, 3, 7, 11
Suppose 428 = 21*b - 13. Suppose -2*g = -779 - b. What are the prime factors of g?
2, 5
Let p be (7 + 4/4)/1. Suppose 9*c + 182 = 2*f + 10*c, 0 = -2*c - p. What are the prime factors of f?
3, 31
Let v(x) = 13*x - 46. Let a(f) = 1. Let u(g) = -5*a(g) + v(g). List the prime factors of u(14).
131
Let b = 15193 + 6789. What are the prime factors of b?
2, 29, 379
Let h(u) = -u + 2. Let m be h(-6). Suppose -33 = -m*o - 137. What are the prime factors of o/(273/(-2190)) - (-4)/(-14)?
2, 13
Suppose 0 = -3*v + 3 + 3. Suppose 2*r + k = -3*r + 13, -r - v*k + 8 = 0. What are the prime factors of 2 + -3 + 76 + (-1 - r)?
2, 3
Suppose -2*o - 5*l = 2*o + 92, -4*o - 2*l - 92 = 0. Let v = 5 + o. Let x = 42 + v. What are the prime factors of x?
2, 3
List the prime factors of ((-62142)/(-21) - 2/14) + 7.
2, 1483
Let r(y) = -58*y + y**2 + 8 + 31*y + 29*y. Let p be r(-9). Let q = p + -25. List the prime factors of q.
2, 23
Suppose 4*k - 4*n + 12 = 4, 0 = 5*k + n + 28. List the prime factors of (3 + k)*(-1986)/12.
331
Let m = 76 + 3. Suppose 6606 = -m*k + 88*k. What are the prime factors of k?
2, 367
Let y(u) = -u**3 + 13*u**2 + 83*u - 18. Suppose -13*d = -38*d + 400. What are the prime factors of y(d)?
2, 271
Let m be 185/(-2)*(-42)/35 + -3. What are the prime factors of -1 + m + 1 + (7 - 4)?
3, 37
Let c(p) = -17*p + 10. Let u be c(6). Let s = u - -502. List the prime factors of s.
2, 5, 41
Let c be (-2 + (-4)/3)*(-54)/15. Suppose -c*v + 12342 = -1638. List the prime factors of v.
5, 233
Suppose -141 = -9*v - 591. List the prime factors of (2180/v)/((-28)/